= -s**3 + 6*s**2 + 2*s - 5. Let q be y(g). Calculate the remainder when 38 is divided by q/(28/12) + 10.
12
Let g(v) be the third derivative of v**4/12 - 4*v**3/3 - v**2 + 58. What is the remainder when 73 is divided by g(17)?
21
Suppose 0 = 2*b + 203 - 211. Suppose 12*p - b*x + 16 = 14*p, 2 = -2*x. What is the remainder when 48 is divided by p?
8
Suppose 0 = 2*x + 2, 2*x - 323 = y - 5739. What is the remainder when y is divided by 19?
18
Suppose 29*o = 8*o - 25*o + 86572. Calculate the remainder when o is divided by 29.
26
Let u = -5 + 26. Suppose 0 = 5*q + 50 - 45, 3*q = 4*y - 255. Calculate the remainder when y is divided by u.
0
Let m(b) = -23 + 38 + 19 - 3*b + 8*b. What is the remainder when m(16) is divided by 39?
36
Suppose 67*h - 1150 = 65*h. What is the remainder when h is divided by 190?
5
Suppose 2 = r - m, -2*m + 18 = 2*r + 2. Let o(k) = -2*k + 29. Calculate the remainder when 94 is divided by o(r).
18
Suppose 364 + 1028 = 24*o. What is the remainder when o is divided by 11?
3
Let l(z) = -98*z + 2406. What is the remainder when l(14) is divided by 14?
12
Suppose -3*q + 63 = -3*b, -b + 56 = -5*q + 177. Suppose 4*a + 77 = -y - 124, -y = 3*a + 196. Let f = y - -228. Calculate the remainder when f is divided by q.
22
Calculate the remainder when ((-13104)/(-567))/((-2)/(-9)) is divided by 36/8*(-8)/(-1).
32
Let h(r) = -229*r + 36. What is the remainder when h(-2) is divided by 125?
119
Let o(w) = 5*w**2 - 93*w - 207. Calculate the remainder when o(42) is divided by 214.
213
Let n be (-16 - 12)*(-3)/12. What is the remainder when 0/(-64) + n*57 is divided by 8?
7
Let g = -7943 + 10702. What is the remainder when g is divided by 9?
5
Suppose -319 = -39*p + 37*p - 3*n, p - n = 162. What is the remainder when p is divided by 44?
29
Suppose w = -5*b + 25, 4 = -b + 5*w - 17. Suppose 3*q + i = 52, 4*q - b*i = -2*i + 86. Calculate the remainder when 31 is divided by q.
12
Let n = -173 + 165. What is the remainder when 96 is divided by (0 - (n + 5))*(-51)/(-3)?
45
Let g(l) = 1417*l**2 - 14*l - 12. What is the remainder when g(-1) is divided by 20?
19
Let d = -14 + -18. Let c = -16 - d. What is the remainder when 127 is divided by c?
15
What is the remainder when (-8)/7 - 548262/(-693) is divided by -1 - (147 + -1)/(-2)?
70
Suppose 213 = 4*z - 4*v - 159, -5*z + 454 = 6*v. Calculate the remainder when 9382 is divided by z.
90
Let x = -1048 + 1286. What is the remainder when 9992 is divided by x?
234
Suppose 3*p - 66 = -0*p. Let r(o) = 3*o**3 - 24*o**2 + 26*o + 30. Calculate the remainder when r(7) is divided by p.
21
Let u(n) = 6*n + 0*n + 69 - 7*n. Let h be u(25). Suppose 42*g + 64 = h*g. What is the remainder when 255 is divided by g?
31
Let b be -1 + (0 - -1) - 54. Calculate the remainder when 295 is divided by 163/6 + 9/b.
25
Let s = 1017 + -926. Calculate the remainder when s is divided by 26.
13
Let a(k) = 2*k**2 + 55*k - 784. Let z be 1 - -23 - (-2)/2. Let c = z - 9. Calculate the remainder when a(11) is divided by c.
15
Let a be 34/187 - (-2 + 17768/(-44)). Calculate the remainder when 6/(-3) + a + 5 + -3 is divided by 34.
32
Let b(p) = 3*p**2 + 10*p - 20. Let n be b(-14). Suppose 415*g - n*g + 7722 = 0. What is the remainder when g is divided by 17?
16
Let j(n) = n - 18. Let b be j(14). Let o be 2/(-4)*15/6*b. Suppose 2*a + 5*i = 2, -3*a - o*i = -0*i - 13. What is the remainder when a is divided by 6?
5
Let b(o) = 2*o**3 - 3*o - 4. Let j(u) = -53*u - 122. Calculate the remainder when j(-10) is divided by b(3).
39
Let o be ((-1224)/(-64))/9 + 2/(-16). Suppose 3*x - 21 = 3*n - 3, 30 = o*x + 4*n. Calculate the remainder when -2*75/(-6) - -1 is divided by x.
8
Suppose -41*p + 37*p = 388. Let b = p + 228. What is the remainder when b is divided by 27?
23
Suppose 23940 = 48*z - 6*z. What is the remainder when z is divided by 195?
180
Let i(n) = 227*n - 2377. Calculate the remainder when i(16) is divided by 10.
5
Suppose 2*o - 8 = 2. Suppose -x + 15 = 2*x, o*z - 225 = x. Let g(k) = -26*k**3 - 2*k**2 + 398*k + 398. Calculate the remainder when z is divided by g(-1).
22
Let q = -236 + 138. Let k = q + 108. Suppose 6*y - 3*y + 3*f - 120 = 0, 152 = 4*y - 4*f. What is the remainder when y is divided by k?
9
Let x = -269 + 1203. What is the remainder when x is divided by 5?
4
Let s = -2807 + 3453. Calculate the remainder when s is divided by 314.
18
Suppose -304 = 3*c - 7*c. What is the remainder when c is divided by 1*(8 - 4) + (0 - -1)?
1
Suppose -2*u = -d + 2, 0 = -7*d + 2*d - 3*u + 49. Calculate the remainder when (10582/52 + 20)/(3/2) is divided by d.
5
Let j = 366 + -364. Suppose 412 = 3*h - 2*r - 39, -4*r - 306 = -j*h. Calculate the remainder when h is divided by 19.
16
Suppose -6*m = -5*m - 142. Let w = 59 - 11. What is the remainder when m is divided by w?
46
Let j = -23365 + 23603. Calculate the remainder when 1195 is divided by j.
5
Let t(q) = -q**3 + 16*q**2 + 9*q + 69. Calculate the remainder when t(15) is divided by 89.
73
Let q be -18*(-2 - (-12)/(-8)). What is the remainder when (14/3)/(6/q) is divided by 18?
13
Let b = -45 + 55. Suppose 44 = b*y - 156. What is the remainder when 0 - 5/((-10)/236) is divided by y?
18
Let n = -17781 - -21075. What is the remainder when n is divided by 42?
18
Let h(z) = z**2 - 19*z - 84. Suppose 0 = -0*c - 2*c + 6. What is the remainder when h(-4) is divided by c?
2
Let j(l) = 23*l**3 - l + 1. Suppose 72 = 20*h - 168. What is the remainder when j(1) is divided by h?
11
Let d(y) = -4*y**2 + 9*y + 18. Let k be d(-11). Let q = 573 + k. Calculate the remainder when 21 is divided by q.
5
Suppose -3*l + 171 = -87. What is the remainder when l is divided by 14 + 8/16*-12?
6
Suppose -49*d = -52689 - 22967. What is the remainder when d is divided by 309?
308
Let a = 11975 + -11956. Calculate the remainder when 6117 is divided by a.
18
Let b(r) = -858*r - 57. Let t be b(-3). Calculate the remainder when (12/(-8))/(t/(-1254) + 2) is divided by 35.
34
Let z be (227/4)/((-1)/(-4)). Suppose -5*q - z + 632 = 0. Let t(p) = -p**2 + 96*p + 526. What is the remainder when q is divided by t(-5)?
18
Let g(p) = 232*p - 1008. Calculate the remainder when g(5) is divided by 27.
17
Suppose -20*q = -23*q - 3. Let p be 1*((-8)/(-2) - q). Suppose 6 = i - o - 7, i = -p*o + 13. What is the remainder when 51 is divided by i?
12
Let m = -24 - -62. Suppose 11*s = -3*s - 280. What is the remainder when m is divided by (-2*36/(-48))/((-3)/s)?
8
Suppose 4*x + 5*i + 8969 = 89100, 3*x - 60090 = -i. Calculate the remainder when x is divided by 33.
31
Suppose 592 + 1317 = 23*q. Calculate the remainder when q is divided by 65.
18
Suppose -14 - 56 = -5*i. Suppose 4*j + 1203 - 680 = 611. What is the remainder when j is divided by i?
8
Let p = -154 - -84. Let k be (p/25)/(-2*(-1)/(-5)). Let j(c) = c**3 - 8*c**2 + 5*c + 18. What is the remainder when 18 is divided by j(k)?
2
Calculate the remainder when 742 is divided by -14 + 14 - (138/(-4) - (-7)/14).
28
Suppose 13*a - 12*a - 4 = 0. Suppose 5*x = 25, 0 = -a*r - 7*x + 10*x + 85. Calculate the remainder when r is divided by 13.
12
Suppose 3*o - 28 = -o. What is the remainder when (-1370)/(-60) - (-217)/186 is divided by o?
3
Let x = -580 - -407. Let c = x + 189. What is the remainder when 26 is divided by c?
10
Suppose 4*s - 168 = 28. Let p(o) = o**2 - 89*o + 586. What is the remainder when s is divided by p(82)?
1
Let x be 1 + (462 - (1 - 0)) + 3. Calculate the remainder when ((-40)/(-120))/(1/x) is divided by 12.
11
Suppose 3*u + 5*g = 28 + 6, 2*g - 4 = 0. Suppose 608 = r - 2*w, 1227 = 2*r - 5*w + u. What is the remainder when r is divided by 55?
52
Suppose 0 = -4*v - 3*k + 16628, -31*v - 7*k - 16628 = -35*v. What is the remainder when v is divided by 22?
21
Let g = -38 + 40. Suppose -2*v = -g*a + 6*a - 156, 0 = 3*a + 3*v - 111. What is the remainder when a is divided by 10 - ((-2)/1 + 1)?
8
Suppose -2*b + 3*z + 3368 = 0, -3*z + 7036 = 3*b + 2029. What is the remainder when b is divided by 60?
55
Suppose 22 = 2*o - 10. Let z = 260 - 268. Calculate the remainder when (z - -2) + 1 + 146 is divided by o.
13
Let s(m) = 2 - m**2 - 2*m + 0*m**3 - 2*m**2 - m**3. Let p = -71 - -67. What is the remainder when 47 is divided by s(p)?
21
Let h = 5944 - 5703. Calculate the remainder when 255 is divided 